 y*u. Calculate the remainder when u is divided by 6.
4
Let c = 32 + 82. Calculate the remainder when c is divided by 26.
10
Suppose 0 = 8*f + 119 - 1103. Calculate the remainder when f is divided by 25.
23
Let y(c) = -c**3 - c**2 + 5*c + 11. Let i(v) = 6*v - 24. Let f be i(4). Calculate the remainder when y(f) is divided by 7.
4
Let b(t) = 125*t - 66. Calculate the remainder when b(3) is divided by 52.
49
Let k = 8 - 8. Let y(l) = -l**2 + 2*l + 2. Let u be y(k). What is the remainder when 8 is divided by (u/(-3))/((-4)/18)?
2
Calculate the remainder when (60/36)/(4/276) is divided by 29.
28
Let l(t) = t**3 + 5*t**2 - 16*t - 13. Calculate the remainder when 607 is divided by l(-6).
43
Calculate the remainder when (-172)/(-3) - 8/24 is divided by 4.
1
Suppose d - 302 = -4*q - 148, 4*d - 160 = -4*q. Calculate the remainder when 1367 is divided by q.
37
Let r be (-8)/5 + 35/(-25) + 2. Calculate the remainder when 9 is divided by (-14*2/4)/r.
2
Let f(k) = -k**2 + 4*k - 3. Let j be f(2). Calculate the remainder when (40/2 - j) + 2 is divided by 24/(-10)*(-3 - (-3)/6).
3
Let x(g) = g**3 + 3*g**2 - 5*g - 4. Let f be x(-4). Suppose 2*o - 8 + 12 = f. Calculate the remainder when 38 is divided by ((-5)/o)/(9/72).
18
Suppose 8*q = 4*q + 5*d - 21, 2*d - 5 = 5*q. Suppose 41 = p - q. What is the remainder when p is divided by 15?
12
Let t = -83 - -192. What is the remainder when t is divided by 28?
25
What is the remainder when 73 - (-3 + -3)/2 is divided by 29?
18
Suppose -l + 10 = 4*l. Suppose -a - l*x = -3, a + 0*x - 3*x = 18. What is the remainder when 15 is divided by a?
6
Let a = 144 + -141. Calculate the remainder when 15 is divided by a.
0
Let g = 17 + -105. Let u = -65 - g. Calculate the remainder when 136 is divided by u.
21
Calculate the remainder when 295 is divided by 2 + 32/(-15) - 3016/(-120).
20
What is the remainder when 170 is divided by ((-24)/(-16))/(-1) - (-471)/6?
16
Let j(z) = -2*z - 14. Let f be j(-10). Let i be (-62)/(-14) + f/(-14). What is the remainder when (-9)/i*4/(-3) is divided by 3?
0
Let v(z) = -z + 68. Calculate the remainder when v(16) is divided by 29.
23
Suppose -9*k = -4*k - k. Suppose 3*i - 129 - 87 = k. What is the remainder when i is divided by 5?
2
Suppose -5*r = -5*k + 638 + 52, 2*r = 3*k - 419. Calculate the remainder when k is divided by 16.
15
Let p = 10 - 5. Suppose -31 = -x + p*u, 5*x - 4*x + u = 31. Suppose -10*w + 8*w + 34 = 0. Calculate the remainder when x is divided by w.
14
Suppose 5*v + 4*u = u + 80, -16 = -v + u. Calculate the remainder when 21 is divided by v.
5
Let s = -7 - -6. Suppose 0 = -i + 14 + 4. Calculate the remainder when ((-6)/i)/(s/93) is divided by 11.
9
Let d(u) = -u + 6. What is the remainder when 188 is divided by d(-13)?
17
Let c be 90/21 - (6/(-21))/(-1). Suppose -10 = -r - 4*t + t, c*r - 85 = 3*t. Calculate the remainder when 68 is divided by r.
11
Suppose 10*t = 2620 + 130. Calculate the remainder when t is divided by 69.
68
Let l(n) be the third derivative of -n**4/12 - 13*n**2. Calculate the remainder when l(-8) is divided by 6.
4
Suppose -2308 + 2400 = 4*k. Calculate the remainder when 43 is divided by k.
20
Let z(q) = 2*q**3 + q**2 - q + 1225. Let n be z(0). Suppose 0 = y - 8*y + n. What is the remainder when y is divided by 59?
57
Let s = -1 - 5. Let g be 1*s*(-4)/6. Suppose -g*t + 51 = -25. What is the remainder when 35 is divided by t?
16
Suppose f + 665 = 6*f. Suppose f*i + 160 = 137*i. What is the remainder when i is divided by 23?
17
Let o(s) = 6*s + 16. Let y(l) = 3*l + 8. Let c(p) = 4*o(p) - 7*y(p). Calculate the remainder when 23 is divided by c(0).
7
Let c(z) = 3*z**2 - 6*z + 10. Let w(v) = -v**2 + 7*v + 1. Let x be w(7). What is the remainder when c(3) is divided by x/(-2) + (-168)/(-16)?
9
Calculate the remainder when 146 is divided by (4*(-5)/(-140))/(4/1708).
24
Suppose 196 = 4*d - 2*u, -5*d + 4*u + 177 + 71 = 0. Calculate the remainder when 61 is divided by d.
13
Suppose 0 = -34*l + 30*l + 112. Calculate the remainder when 920 is divided by l.
24
Let y(r) = r**3 + 8*r**2 - 20*r + 20. What is the remainder when 68 is divided by y(-10)?
8
Let j = -20 + -2. Let z = j + 29. What is the remainder when 27 is divided by z?
6
Suppose 0 = 13*r + 4*r - 85. Let c(m) = m**2 - m - 6. Calculate the remainder when 40 is divided by c(r).
12
Let m = -18 + 18. Suppose u - 4*x - 21 = 0, m = -3*x + 4*x + 1. What is the remainder when u is divided by ((-1)/(-2))/((-1)/(-10))?
2
Let n = 326 + -261. What is the remainder when 73 is divided by n?
8
Suppose 4*n - 6*c = -2*c + 116, 3*n = -5*c + 47. What is the remainder when 82 is divided by n?
10
Let l(j) = -1 + 6*j**2 - 4*j + 4 - 2 + 3. Suppose -296 = -4*t - 4*u, -4*t + t - 5*u = -212. Calculate the remainder when t is divided by l(2).
19
Let u = -81 - -181. Let p be u/26 - (-2)/13. Suppose i - 66 = -p*b, 4*b - i - 26 = 36. What is the remainder when 28 is divided by b?
12
Let f = -46 - -60. Let y = -3 - -28. Suppose k + y = 6*k. Calculate the remainder when f is divided by k.
4
Let v(i) = -3*i**2 - 6*i**2 + i**3 + 0*i - 5 - 6*i + 4*i**2. Let t be v(6). Let f = t - -9. Calculate the remainder when f is divided by 2.
0
Let x(d) = 9*d**2 + d + 1. What is the remainder when x(-1) is divided by 2/(-3)*(27 + -30)?
1
Suppose 12 = z - 2*j - 16, -4*z = -2*j - 136. Calculate the remainder when (96/z)/(-2*(-1)/12) is divided by 10.
6
Let q = 267 - 244. Let n = 162 + -102. Calculate the remainder when (6/(-4))/((-1)/n) is divided by q.
21
Suppose 62*k + 112 = 64*k. Calculate the remainder when k is divided by 23.
10
Let c be 3/(-2)*(-6)/9. Let l = -21 - -40. Calculate the remainder when l is divided by c/(-1) + 1 - -10.
9
Suppose 5*y + 0*a = 4*a - 330, 149 = -2*y + 5*a. Let i be 4/(16/(-6))*y. Suppose 0 = 4*c - 23 - i. What is the remainder when c is divided by 16?
13
Let x(a) = 2*a**3 - 3*a**2 - 2*a - 3. Let f = 6 + -3. Let p(k) = -k + 58. What is the remainder when p(-13) is divided by x(f)?
17
Suppose 9*u - 123 = -339. Calculate the remainder when 758/4 - 12/u is divided by 48.
46
Calculate the remainder when 239 is divided by (-20)/24*-65 - (-3)/(-18).
23
Suppose -4*z - p + 19 = -16, -4*z - 2*p + 30 = 0. Let i(f) = 5*f + 7. Let x be 0*(-1 - -4)/(-3) + 4. What is the remainder when i(x) is divided by z?
7
Suppose 0 = m + 5*c - 80, -179*m + 5*c + 400 = -174*m. Calculate the remainder when m is divided by 9.
8
What is the remainder when 94 is divided by (-3)/2 + (-93)/(-2)?
4
Let y be ((-246)/18)/((-3)/(-9)). Let v = y + 82. What is the remainder when 163 is divided by v?
40
Let z(t) = t**3 + 8*t**2 - 10*t - 7. Let y be z(-9). Suppose -r = -12 - y. Let o = 129 - 125. Calculate the remainder when r is divided by o.
2
Suppose 4*o - 19 - 21 = 0. Suppose 2*l - o = t + 2*t, -15 = -3*l. Suppose t*k - k + 7 = 0. Calculate the remainder when k is divided by 5.
2
Let b(h) = -h**3 - 5*h**2 + 8*h + 5. Let j be b(-7). Suppose -v + j = -0. What is the remainder when v is divided by 2/(-6) - 245/(-15)?
15
Suppose -3 = 3*h - 3*f, -3*f = -2*h + 2*f - 17. What is the remainder when 3 is divided by 11/h + (-3)/(-12)?
0
Let t be 124/(-3) - 4/6. Let l = 88 + t. Suppose 2*k = -4 + 12, 4*f - 5*k = 28. Calculate the remainder when l is divided by f.
10
Suppose -2724 = -16*l + 2572. Calculate the remainder when l is divided by 106.
13
Let v(l) = 5*l + 7. Let s be (5 + -6)*4/(-1). Suppose 2*f - 2*z = -0*z + 52, 5*z = s*f - 106. Calculate the remainder when v(8) is divided by f.
23
Suppose -b + 27 = 2*c, -4*b + 103 = -0*c + 3*c. What is the remainder when 77 is divided by b?
2
Let v = 15 + -9. Let i = 7 - 8. Calculate the remainder when 4 + 8 + (-3 - i) is divided by v.
4
Let u(w) = -w**3 + 5*w**2 + 7*w - 22. Suppose 0 = -5*d + 386 + 264. Calculate the remainder when d is divided by u(4).
20
Suppose -5*b + 58 + 207 = 0. Let o = -32 + b. Suppose 0 = c + 4*z - o, z - 50 = -4*c + 2*z. What is the remainder when 24 is divided by c?
11
Suppose 60*z - 57*z = 141. Suppose 4*v - 6*v - 5*g = -97, -2*g + z = v. What is the remainder when 79 is divided by v?
38
Suppose -32 = 5*n - 87. Let m(g) = -g**2 + 27*g - 65. What is the remainder when n is divided by m(3)?
4
Let a be 372/27 + 2/9. Let v be -15 - -19 - (-1 - -7). What is the remainder when 27 is divided by a*(-4)/(8/v)?
1